the remainder when 1460742 is divided by 4246.
118
Calculate the remainder when 91312261 is divided by 13026.
1
What is the remainder when 15854 is divided by 96?
14
What is the remainder when 1579804 is divided by 3264?
28
Calculate the remainder when 94125 is divided by 31065.
930
Calculate the remainder when 661738 is divided by 10503.
49
What is the remainder when 38598851 is divided by 63?
11
What is the remainder when 44818 is divided by 1360?
1298
Calculate the remainder when 5252369 is divided by 23138.
43
Calculate the remainder when 8849765 is divided by 329.
323
Calculate the remainder when 3289383 is divided by 3619.
3331
Calculate the remainder when 64904 is divided by 16218.
32
What is the remainder when 99595 is divided by 5369?
2953
Calculate the remainder when 54296931 is divided by 134.
131
What is the remainder when 331308 is divided by 4418?
4376
Calculate the remainder when 1842432 is divided by 35.
32
What is the remainder when 34223 is divided by 3350?
723
What is the remainder when 24779349 is divided by 7889?
0
Calculate the remainder when 837773 is divided by 16111.
1
Calculate the remainder when 1045486 is divided by 375.
361
What is the remainder when 781974 is divided by 390940?
94
Calculate the remainder when 12052369 is divided by 626.
617
What is the remainder when 3127494 is divided by 739?
46
Calculate the remainder when 3185599 is divided by 963.
958
Calculate the remainder when 24739172 is divided by 21.
17
What is the remainder when 57769 is divided by 713?
16
What is the remainder when 62955 is divided by 6?
3
What is the remainder when 26957202 is divided by 346?
342
Calculate the remainder when 82203003 is divided by 64.
59
Calculate the remainder when 1015165 is divided by 14298.
7
Calculate the remainder when 162878022 is divided by 41.
28
What is the remainder when 53053806 is divided by 30738?
18
Calculate the remainder when 22387560 is divided by 466.
454
What is the remainder when 24646 is divided by 4888?
206
What is the remainder when 3728274 is divided by 23?
20
What is the remainder when 9697631 is divided by 20?
11
What is the remainder when 1070721 is divided by 2226?
15
Calculate the remainder when 4793962 is divided by 33.
19
Calculate the remainder when 3766459 is divided by 13.
8
What is the remainder when 798549 is divided by 1699?
19
Calculate the remainder when 170496 is divided by 170033.
463
What is the remainder when 16486601 is divided by 216?
185
Calculate the remainder when 536120 is divided by 732.
296
What is the remainder when 65608 is divided by 21788?
244
What is the remainder when 1152187 is divided by 192029?
13
What is the remainder when 842663853 is divided by 161?
157
Calculate the remainder when 2115400 is divided by 23.
21
What is the remainder when 254462 is divided by 5089?
12
Calculate the remainder when 8337195 is divided by 2779060.
15
What is the remainder when 7171641 is divided by 5348?
5321
Calculate the remainder when 15864 is divided by 1426.
178
Calculate the remainder when 11592479 is divided by 3671.
3132
What is the remainder when 488711 is divided by 13208?
15
Calculate the remainder when 4581082 is divided by 57.
49
Calculate the remainder when 660729 is divided by 532.
517
Calculate the remainder when 415003 is divided by 694.
685
What is the remainder when 747572 is divided by 3141?
14
Calculate the remainder when 412406 is divided by 5569.
300
Calculate the remainder when 178792 is divided by 35473.
1427
What is the remainder when 138356777 is divided by 5997?
5987
Calculate the remainder when 63305 is divided by 3898.
937
Calculate the remainder when 25485 is divided by 408.
189
Calculate the remainder when 174790 is divided by 174018.
772
Calculate the remainder when 512987 is divided by 509913.
3074
What is the remainder when 836506 is divided by 1210?
396
Calculate the remainder when 3379619 is divided by 47.
37
Calculate the remainder when 28561255 is divided by 346.
339
Calculate the remainder when 215279 is divided by 55.
9
What is the remainder when 10670 is divided by 10571?
99
What is the remainder when 70607327 is divided by 8545?
8537
What is the remainder when 3135475 is divided by 31?
11
What is the remainder when 27678609 is divided by 6937?
6916
Calculate the remainder when 25975252 is divided by 8658402.
46
What is the remainder when 195153 is divided by 17738?
35
Calculate the remainder when 7400397 is divided by 13.
4
What is the remainder when 1664939 is divided by 62?
53
What is the remainder when 174713021 is divided by 1984?
1981
What is the remainder when 103114332 is divided by 51557162?
8
Calculate the remainder when 4527616 is divided by 392.
16
Calculate the remainder when 259630 is divided by 261.
196
Calculate the remainder when 2535565 is divided by 407.
362
What is the remainder when 4868174 is divided by 1027?
194
Calculate the remainder when 17498956 is divided by 664.
564
Calculate the remainder when 464360 is divided by 367.
105
What is the remainder when 45507 is divided by 45337?
170
Calculate the remainder when 65830439 is divided by 42.
17
Calculate the remainder when 2442131 is divided by 1876.
1455
Calculate the remainder when 144084 is divided by 4766.
1104
What is the remainder when 5618699 is divided by 255389?
141
Calculate the remainder when 11684011 is divided by 18.
13
Calculate the remainder when 1375303 is divided by 533.
163
Calculate the remainder when 4024 is divided by 942.
256
What is the remainder when 331200 is divided by 480?
0
Calculate the remainder when 1382281 is divided by 7685.
6666
What is the remainder when 2501619 is divided by 11?
10
What is the remainder when 12602525 is divided by 54?
5
Calculate the remainder when 114695421 is divided by 4458.
4455
Calculate the remainder when 11911934 is divided by 4864.
4862
What is the remainder when 564610 is divided by 77?
46
Calculate the remainder when 462171 is divided by 11.
6
Calculate the remainder when 61484 is divided by 2003.
1394
Calculate the remainder when 192436 is divided by 1955.
846
Calculate the remainder when 2360772 is divided by 40.
12
What is the remainder when 6769393 is divided by 8225?
218
What is the remainder when 20345943 is divided by 657?
624
What is the remainder when 41772 is divided by 35676?
6096
What is the remainder when 12363628 is divided by 38?
24
What is the remainder when 150613217 is divided by 8859600?
17
Calculate the remainder when 31559761 is divided by 44.
13
What is the remainder when 17988069 is divided by 2569723?
8
Calculate the remainder when 79945370 is divided by 4126.
4120
What is the remainder when 28036298 is divided by 5607257?
13
Calculate the remainder when 1189175 is divided by 2047.
1915
Calculate the remainder when 2016914 is divided by 148.
118
What is the remainder when 104157548 is divided by 79?
77
What is the remainder when 1479325 is divided by 200?
125
Calculate the remainder when 676778 is divided by 676660.
118
What is the remainder when 10570862 is divided by 571?
510
Calculate the remainder when 1008768 is divided by 504089.
590
What is the remainder when 55372284 is divided by 91?
58
Calculate the remainder when 48550 is divided by 5699.
2958
What is the remainder when 8441414 is divided by 81?
80
Calculate the remainder when 2588875 is divided by 1072.
1067
Calculate the remainder when 43683339 is divided by 17.
3
Calculate the remainder when 2343358 is divided by 80.
78
What is the remainder when 12379953 is divided by 74?
49
Calculate the remainder when 2534875 is divided by 40236.
7
What is the remainder when 735786 is divided by 5109?
90
Calculate the remainder when 1401924 is divided by 1867.
1674
Calculate the remainder when 190447 is divided by 210.
187
What is the remainder when 1705636157 is divided by 1856?
1853
What is the remainder when 301646 is divided by 92?
70
What is the remainder when 21186220 is divided by 408?
4
What is the remainder when 59601556 is divided by 197?
191
What is the remainder when 162648 is divided by 810?
648
What is the remainder when 222275 is divided by 749?
571
Calculate the remainder when 1185454 is divided by 380.
234
Calculate the remainder when 50300 is divided by 642.
224
What is the remainder when 18106 is divided 